{"id":890,"date":"2017-02-03T11:14:20","date_gmt":"2017-02-03T16:14:20","guid":{"rendered":""},"modified":"2017-02-03T12:07:48","modified_gmt":"2017-02-03T17:07:48","slug":"electro-voice-ekx-18sp","status":"publish","type":"product","link":"https:\/\/audiopro.com.ec\/catalogo\/producto\/electro-voice-ekx-18sp\/","title":{"rendered":"Electro-Voice EKX-18SP"},"content":{"rendered":"<p>[vc_row gap=&#8221;35&#8243;][vc_column width=&#8221;2\/3&#8243;]\t\t\t\t<div class=\"feature\">\n\t\t\t\t\t\t<div class=\"text\">\n\t\t\t\t<div>\n\t\t\t\t\t<h3>Caracter\u00edsticas<\/h3>\n\t\t\t\t\t<p>QuickSmartDSP ofrece procesamiento mejores pulgadas, interfaz de usuario simple-perilla de firma de EV y navegaci\u00f3n intuitivo men\u00fa LCD.<\/p>\n<p>Tecnolog\u00eda de Control de cardioide permite la salida que se dirigir\u00e1 hacia el p\u00fablico con dB hasta 35 en el escenario cuando se implementan varios submarinos.<\/p>\n<p>Amplificador de potencia de alta eficiencia 1300 W clase D proporciona hasta un pico de 134 dB SPL del SP EKX-18utilizando transductores de alta sensibilidad dise\u00f1ado y desarrollado por EV.<\/p>\n<p>Administraci\u00f3n t\u00e9rmica inteligente con un ventilador de velocidad variable controlado por m\u00faltiples sensores a bordo, asegurando un rendimiento superior y la confiabilidad en condiciones ambientales dif\u00edciles.<\/p>\n<p>Dos salidas XLR para la expansi\u00f3n del sistema f\u00e1cil para altavoces adicionales o subwoofers. Puertos de ranura grande de baja distorsi\u00f3n y extensi\u00f3n bajo excelente. Rejilla met\u00e1lica de refuerzo barra (dos en el 18SP). Placa de montaje en poste con rosca M20.<\/p>\n\t\t\t\t<\/div>\n\t\t\t<\/div>\n\t\t<\/div>\n\n\t\t[vc_separator color=&#8221;mulled_wine&#8221;][vc_column_text]<\/p>\n<table style=\"width: 452px;\">\n<tbody>\n<tr style=\"height: 47px;\">\n<td style=\"width: 29px; height: 47px; padding: 0px 3px;\"><img loading=\"lazy\" class=\"aligncenter size-full wp-image-823\" src=\"https:\/\/audiopro.com.ec\/catalogo\/wp-content\/uploads\/2016\/01\/pdf-icon-e1483660461399.png\" alt=\"Descargar manual del producto\" width=\"42\" height=\"42\" \/><\/td>\n<td style=\"width: 465px; height: 47px; padding: 0px 3px;\"><a href=\"http:\/\/audiopro.com.ec\/catalogo\/wp-content\/uploads\/2017\/02\/001_EKX_DigestBro_F2_web5-1.pdf\" target=\"_blank\">Descargar Manual del Producto<\/a><\/td>\n<\/tr>\n<\/tbody>\n<\/table>\n<p>[\/vc_column_text][vc_separator color=&#8221;mulled_wine&#8221;][\/vc_column][vc_column width=&#8221;1\/3&#8243; css=&#8221;.vc_custom_1453242219872{padding-top: 30px !important;}&#8221;][vc_empty_space][vc_single_image image=&#8221;819&#8243; img_size=&#8221;medium&#8221; alignment=&#8221;center&#8221; onclick=&#8221;custom_link&#8221; img_link_target=&#8221;_blank&#8221; css_animation=&#8221;right-to-left&#8221; link=&#8221;http:\/\/www.electrovoice.com&#8221; el_class=&#8221;centrardiv&#8221;][vc_empty_space][vc_column_text]<\/p>\n<h5 style=\"text-align: center;\">\u00bfInteresado en este producto?<\/h5>\n<p style=\"text-align: center;\"><span style=\"font-size: 12pt; font-family: helvetica, arial, sans-serif;\">Escr\u00edbanos\u00a0o ll\u00e1menos. Un ejecutivo de Audiopro se contactar\u00e1 con Ud. a la brevedad posible.<\/span><\/p>\n<p>[\/vc_column_text][vc_btn title=&#8221;Contactar&#8221; color=&#8221;purple&#8221; align=&#8221;center&#8221; el_class=&#8221;ps2id&#8221; link=&#8221;url:%23contactar|||&#8221;][\/vc_column][\/vc_row]<\/p>\n","protected":false},"excerpt":{"rendered":"<p>La serie EKX es el nuevo miembro de la familia de altavoces port\u00e1tiles de Electro Voice y combina la legendaria calidad de sonido y fiabilidad de EV con las \u00faltimas tecnolog\u00edas, todo en un paquete compacto adecuado para una amplia gama de escenarios de refuerzo sonoro, incluyendo m\u00fasicos, DJ, bares y aplicaciones de instalaci\u00f3n. La serie EKX cuenta con 8 modelos (4 activos y 4 pasivos).<\/p>\n","protected":false},"featured_media":889,"comment_status":"open","ping_status":"closed","template":"","meta":{"inline_featured_image":false},"_links":{"self":[{"href":"https:\/\/audiopro.com.ec\/catalogo\/wp-json\/wp\/v2\/product\/890"}],"collection":[{"href":"https:\/\/audiopro.com.ec\/catalogo\/wp-json\/wp\/v2\/product"}],"about":[{"href":"https:\/\/audiopro.com.ec\/catalogo\/wp-json\/wp\/v2\/types\/product"}],"replies":[{"embeddable":true,"href":"https:\/\/audiopro.com.ec\/catalogo\/wp-json\/wp\/v2\/comments?post=890"}],"wp:featuredmedia":[{"embeddable":true,"href":"https:\/\/audiopro.com.ec\/catalogo\/wp-json\/wp\/v2\/media\/889"}],"wp:attachment":[{"href":"https:\/\/audiopro.com.ec\/catalogo\/wp-json\/wp\/v2\/media?parent=890"}],"curies":[{"name":"wp","href":"https:\/\/api.w.org\/{rel}","templated":true}]}}